{"id":54,"date":"2016-07-09T12:12:55","date_gmt":"2016-07-09T12:12:55","guid":{"rendered":"http:\/\/ngoberuhldingen.de\/?page_id=54"},"modified":"2024-05-29T15:45:54","modified_gmt":"2024-05-29T15:45:54","slug":"fuehrungsteam-der-streibehexen","status":"publish","type":"page","link":"https:\/\/ngoberuhldingen.de\/?page_id=54","title":{"rendered":"F\u00fchrungsteam der Streibehexen"},"content":{"rendered":"<p>Die Streibenhexen werden von 2 Hexenmeistern gef\u00fchrt.<\/p>\n<p><img loading=\"lazy\" decoding=\"async\" class=\"size-full wp-image-3825 alignleft\" src=\"https:\/\/ngoberuhldingen.de\/wp-content\/uploads\/2016\/08\/HX-Ralf.png\" alt=\"HX-Ralf\" width=\"150\" height=\"150\">Ralf<br \/>\nTelefon: (0170) 3 40 75 72<\/p>\n<p>&nbsp;<\/p>\n<p>&nbsp;<\/p>\n<p><img loading=\"lazy\" decoding=\"async\" class=\"size-full wp-image-3825 alignleft\" src=\"https:\/\/ngoberuhldingen.de\/wp-content\/uploads\/2024\/05\/HX-Vorstand-Pascal-300x300.jpg\" alt=\"HX-Pascal\" width=\"150\" height=\"150\"><\/p>\n<p>&nbsp;<br \/>\n&nbsp;<br \/>\n&nbsp;<br \/>\n&nbsp;<br \/>\n&nbsp;<br \/>\n&nbsp;<\/p>\n<p>Weitere Mitglieder im F\u00fchrungsteam<\/p>\n<p><img loading=\"lazy\" decoding=\"async\" src=\"https:\/\/ngoberuhldingen.de\/wp-content\/uploads\/2016\/08\/HX-Katrin.png\" alt=\"Katrin\" width=\"150\" height=\"150\">&nbsp; <img loading=\"lazy\" decoding=\"async\" src=\"https:\/\/ngoberuhldingen.de\/wp-content\/uploads\/2016\/08\/HX-Nadine.png\" alt=\"Nadine\" width=\"150\" height=\"150\">&nbsp; <img loading=\"lazy\" decoding=\"async\" src=\"https:\/\/ngoberuhldingen.de\/wp-content\/uploads\/2016\/08\/HX-Roman.png\" alt=\"Roman\" width=\"150\" height=\"150\">&nbsp; <img loading=\"lazy\" decoding=\"async\" src=\"https:\/\/ngoberuhldingen.de\/wp-content\/uploads\/2021\/02\/HX-Vanessa.jpg\" alt=\"Vanessa\" width=\"150\" height=\"150\"><\/p>\n<p>sowie Franziska und Ina<\/p>\n<p style=\"text-align: left;\"><a href=\"https:\/\/ngoberuhldingen.de\/?page_id=42\">Zur\u00fcck<\/a><\/p>\n","protected":false},"excerpt":{"rendered":"<p>Die Streibenhexen werden von 2 Hexenmeistern gef\u00fchrt. Ralf Telefon: (0170) 3 40 75 72 &nbsp; &nbsp; &nbsp; &nbsp; &nbsp; &nbsp; &nbsp; &nbsp; Weitere Mitglieder im F\u00fchrungsteam &nbsp; &nbsp; &nbsp; sowie Franziska und Ina Zur\u00fcck<\/p>\n","protected":false},"author":1,"featured_media":0,"parent":0,"menu_order":0,"comment_status":"closed","ping_status":"closed","template":"","meta":{"ngg_post_thumbnail":0,"footnotes":""},"class_list":["post-54","page","type-page","status-publish","hentry"],"_links":{"self":[{"href":"https:\/\/ngoberuhldingen.de\/index.php?rest_route=\/wp\/v2\/pages\/54","targetHints":{"allow":["GET"]}}],"collection":[{"href":"https:\/\/ngoberuhldingen.de\/index.php?rest_route=\/wp\/v2\/pages"}],"about":[{"href":"https:\/\/ngoberuhldingen.de\/index.php?rest_route=\/wp\/v2\/types\/page"}],"author":[{"embeddable":true,"href":"https:\/\/ngoberuhldingen.de\/index.php?rest_route=\/wp\/v2\/users\/1"}],"replies":[{"embeddable":true,"href":"https:\/\/ngoberuhldingen.de\/index.php?rest_route=%2Fwp%2Fv2%2Fcomments&post=54"}],"version-history":[{"count":52,"href":"https:\/\/ngoberuhldingen.de\/index.php?rest_route=\/wp\/v2\/pages\/54\/revisions"}],"predecessor-version":[{"id":8024,"href":"https:\/\/ngoberuhldingen.de\/index.php?rest_route=\/wp\/v2\/pages\/54\/revisions\/8024"}],"wp:attachment":[{"href":"https:\/\/ngoberuhldingen.de\/index.php?rest_route=%2Fwp%2Fv2%2Fmedia&parent=54"}],"curies":[{"name":"wp","href":"https:\/\/api.w.org\/{rel}","templated":true}]}}