{"id":50,"date":"2016-07-09T12:11:01","date_gmt":"2016-07-09T12:11:01","guid":{"rendered":"http:\/\/ngoberuhldingen.de\/?page_id=50"},"modified":"2017-01-21T20:16:44","modified_gmt":"2017-01-21T20:16:44","slug":"haes-der-streibehexen","status":"publish","type":"page","link":"https:\/\/ngoberuhldingen.de\/?page_id=50","title":{"rendered":"H\u00e4s der Streibehexen"},"content":{"rendered":"<p>Das H\u00e4s wird mit viel Liebe und handwerklichem Geschick von den Tr\u00e4gen selbst gefertigt. Oft erfolgt dies in abendlichen Gemeinschaftsaktionen w\u00e4hrend der Vorweihnachtszeit. Bei diesen Treffen werden auch wieder neue Ideen f\u00fcr die kommende Fastnacht ausgearbeitet.<\/p>\n<p>Als Grundlage f\u00fcr die Farben des Hexenh\u00e4ses w\u00e4hlte man T\u00f6ne der Natur. Die Streibehexe tr\u00e4gt Strohschuhe, einen schwarzen Rock und eine schwarz-wei\u00dfe Bluse als Symbol der Unheimlichkeit von Nacht und Nebel. Die gelbe Sch\u00fcrze und das rote Mieder verk\u00f6rpern die Sonne und das Feuer. Das gr\u00fcne Kopftuch steht f\u00fcr die Farbe des Schilfes (auch Streibe genannt).<\/p>\n<p><b><u>Der Besen<\/u><\/b><\/p>\n<p><img loading=\"lazy\" decoding=\"async\" class=\"size-full wp-image-1643 alignright\" src=\"https:\/\/ngoberuhldingen.de\/wp-content\/uploads\/2016\/07\/Besenbinden.jpg\" alt=\"Besenbinden\" width=\"200\" height=\"150\">Alle zwei Jahre treffen sich die Hexen um Besen zu machen. Zuerst geht es in den Wald. Dort wird w\u00e4hrend der Winterzeit Birken- und Wei\u00dfdornreisig geschnitten. Als Stiel werden Haselstecken verwendet. Das Reisig wird wie in alten Zeiten zu kleinen B\u00fcscheln geschn\u00fcrt. Der angespitzte Haselstecken wird anschlie\u00dfend in das B\u00fcschel gesteckt. Wenn alle Besen gebunden sind gibt es ein gem\u00fctliches Zusammensitzen bei Kaffee und Selbstgebackenem.<\/p>\n<p><b><u>Die Maske<\/u><\/b><\/p>\n<p>Die Streibehexe tr\u00e4gt eine recht wertvolle, handgeschnitzte Holzmaske. Jede Maske ist ein Unikat, das individuell bemalt wurde. Die Maske ist mit zwei langen, geflochtenen Z\u00f6pfen aus Hanf best\u00fcckt. Die Z\u00f6pfe sind in verschiedenen Erdt\u00f6nen eingef\u00e4rbt. Die Kinder tragen in der Regel leichtere und robustere Kunststoffmasken.<\/p>\n<p><b><u>Die Socken<\/u><\/b><\/p>\n<p>Auch die rot-gr\u00fcn geringelten Socken werden nach einem alten Muster von Hand gestrickt. Als Abschluss haben die Socken einen gezackten Bund (<a href=\"https:\/\/ngoberuhldingen.de\/?page_id=1560\">Strickanleitung<\/a>).<\/p>\n<p><b><u>Die Unterhose, der Rock und die Sch\u00fcrze<\/u><\/b><\/p>\n<p>Auch unter dem schwarzen Baumwollrock ist die Streibehexe einheitlich gekleidet. Eine wei\u00dfe Unterhose mit geh\u00e4kelter Spitze (<a href=\"https:\/\/ngoberuhldingen.de\/?page_id=1557\">H\u00e4kelanleitung<\/a>). \u00dcber dem schwarzen Rock wird eine gelbe Sch\u00fcrze mit dem Streibesymbol und dem Schriftzug \u201eStreibehexe Oberuhldingen\u201c getragen.<\/p>\n<p><b><u>Das Mieder<\/u><\/b><\/p>\n<p>Das Mieder ist aus warmen, roten Kord mit goldenen Kn\u00f6pfen. Die \u00c4rmel sind aus schwarz-wei\u00df kariertem Baumwollstoff. Auf der Brust des Mieders befindet sich das gestickte Abzeichen mit dem Wappen der Narrengesellschaft Oberuhldingen.<\/p>\n<p><b><u>Die Strohschuhe<\/u><\/b><\/p>\n<p>Die Schuhe der Hexe sind aus geflochtenem Stroh. Eine Gummisohle sorgt f\u00fcr weitgehendst trockene und warme F\u00fc\u00dfe w\u00e4hrend der kalten Jahreszeit.<\/p>\n<p>Zum vollst\u00e4ndigen H\u00e4s geh\u00f6ren au\u00dferdem die schwarzen Wollhandschuhe sowie das gr\u00fcne Hals- und Kopftuch.<\/p>\n<p style=\"text-align: left;\"><a href=\"https:\/\/ngoberuhldingen.de\/?page_id=42\">Zur\u00fcck<\/a><\/p>\n","protected":false},"excerpt":{"rendered":"<p>Das H\u00e4s wird mit viel Liebe und handwerklichem Geschick von den Tr\u00e4gen selbst gefertigt. Oft erfolgt dies in abendlichen Gemeinschaftsaktionen w\u00e4hrend der Vorweihnachtszeit. Bei diesen Treffen werden auch wieder neue Ideen f\u00fcr die kommende Fastnacht ausgearbeitet. Als Grundlage f\u00fcr die Farben des Hexenh\u00e4ses w\u00e4hlte man T\u00f6ne der Natur. Die Streibehexe tr\u00e4gt Strohschuhe, einen schwarzen Rock [&hellip;]<\/p>\n","protected":false},"author":1,"featured_media":0,"parent":0,"menu_order":0,"comment_status":"closed","ping_status":"closed","template":"","meta":{"ngg_post_thumbnail":0,"footnotes":""},"class_list":["post-50","page","type-page","status-publish","hentry"],"_links":{"self":[{"href":"https:\/\/ngoberuhldingen.de\/index.php?rest_route=\/wp\/v2\/pages\/50","targetHints":{"allow":["GET"]}}],"collection":[{"href":"https:\/\/ngoberuhldingen.de\/index.php?rest_route=\/wp\/v2\/pages"}],"about":[{"href":"https:\/\/ngoberuhldingen.de\/index.php?rest_route=\/wp\/v2\/types\/page"}],"author":[{"embeddable":true,"href":"https:\/\/ngoberuhldingen.de\/index.php?rest_route=\/wp\/v2\/users\/1"}],"replies":[{"embeddable":true,"href":"https:\/\/ngoberuhldingen.de\/index.php?rest_route=%2Fwp%2Fv2%2Fcomments&post=50"}],"version-history":[{"count":8,"href":"https:\/\/ngoberuhldingen.de\/index.php?rest_route=\/wp\/v2\/pages\/50\/revisions"}],"predecessor-version":[{"id":4034,"href":"https:\/\/ngoberuhldingen.de\/index.php?rest_route=\/wp\/v2\/pages\/50\/revisions\/4034"}],"wp:attachment":[{"href":"https:\/\/ngoberuhldingen.de\/index.php?rest_route=%2Fwp%2Fv2%2Fmedia&parent=50"}],"curies":[{"name":"wp","href":"https:\/\/api.w.org\/{rel}","templated":true}]}}