{"id":44,"date":"2016-07-09T12:08:34","date_gmt":"2016-07-09T12:08:34","guid":{"rendered":"http:\/\/ngoberuhldingen.de\/?page_id=44"},"modified":"2021-02-13T15:23:12","modified_gmt":"2021-02-13T15:23:12","slug":"zimmermannsgilde","status":"publish","type":"page","link":"https:\/\/ngoberuhldingen.de\/?page_id=44","title":{"rendered":"Zimmermannsgilde"},"content":{"rendered":"<p>Die <b>Zimmermannsgilde<\/b> wurde im Jahre 1969 von M\u00e4nnern aller Berufe gegr\u00fcndet. Ihre Mitglieder marschieren bei den Umz\u00fcgen mit und treiben dabei ihren Schabernack mit den Zuschauern.&nbsp; Hauptaufgabe der Zimmermannsgilde ist der Transport und die Aufstellung des Narrenbaums auf dem Dorfplatz, am &#8222;Schmotzgen Dunschtig&#8220;.<br>Die Zimmermannsgilde, unter Leitung von Tamo M\u00f6king, ist ein fester Bestandteil der Oberuhldinger Fasnet.<\/p>\n\n\n<div class=\"wp-block-image\"><figure class=\"aligncenter\"><img loading=\"lazy\" decoding=\"async\" width=\"169\" height=\"300\" src=\"https:\/\/ngoberuhldingen.de\/wp-content\/uploads\/2017\/03\/P1050805-e1488662298759-169x300.jpg\" alt=\"\" class=\"wp-image-5134\" srcset=\"https:\/\/ngoberuhldingen.de\/wp-content\/uploads\/2017\/03\/P1050805-e1488662298759-169x300.jpg 169w, https:\/\/ngoberuhldingen.de\/wp-content\/uploads\/2017\/03\/P1050805-e1488662298759-575x1024.jpg 575w, https:\/\/ngoberuhldingen.de\/wp-content\/uploads\/2017\/03\/P1050805-e1488662298759-640x1139.jpg 640w, https:\/\/ngoberuhldingen.de\/wp-content\/uploads\/2017\/03\/P1050805-e1488662298759.jpg 719w\" sizes=\"auto, (max-width: 169px) 100vw, 169px\" \/><\/figure><\/div>\n","protected":false},"excerpt":{"rendered":"<p>Die Zimmermannsgilde wurde im Jahre 1969 von M\u00e4nnern aller Berufe gegr\u00fcndet. Ihre Mitglieder marschieren bei den Umz\u00fcgen mit und treiben dabei ihren Schabernack mit den Zuschauern.&nbsp; Hauptaufgabe der Zimmermannsgilde ist der Transport und die Aufstellung des Narrenbaums auf dem Dorfplatz, am &#8222;Schmotzgen Dunschtig&#8220;.Die Zimmermannsgilde, unter Leitung von Tamo M\u00f6king, ist ein fester Bestandteil der Oberuhldinger [&hellip;]<\/p>\n","protected":false},"author":1,"featured_media":85,"parent":0,"menu_order":0,"comment_status":"closed","ping_status":"closed","template":"","meta":{"ngg_post_thumbnail":0,"footnotes":""},"class_list":["post-44","page","type-page","status-publish","has-post-thumbnail","hentry"],"_links":{"self":[{"href":"https:\/\/ngoberuhldingen.de\/index.php?rest_route=\/wp\/v2\/pages\/44","targetHints":{"allow":["GET"]}}],"collection":[{"href":"https:\/\/ngoberuhldingen.de\/index.php?rest_route=\/wp\/v2\/pages"}],"about":[{"href":"https:\/\/ngoberuhldingen.de\/index.php?rest_route=\/wp\/v2\/types\/page"}],"author":[{"embeddable":true,"href":"https:\/\/ngoberuhldingen.de\/index.php?rest_route=\/wp\/v2\/users\/1"}],"replies":[{"embeddable":true,"href":"https:\/\/ngoberuhldingen.de\/index.php?rest_route=%2Fwp%2Fv2%2Fcomments&post=44"}],"version-history":[{"count":7,"href":"https:\/\/ngoberuhldingen.de\/index.php?rest_route=\/wp\/v2\/pages\/44\/revisions"}],"predecessor-version":[{"id":7713,"href":"https:\/\/ngoberuhldingen.de\/index.php?rest_route=\/wp\/v2\/pages\/44\/revisions\/7713"}],"wp:featuredmedia":[{"embeddable":true,"href":"https:\/\/ngoberuhldingen.de\/index.php?rest_route=\/wp\/v2\/media\/85"}],"wp:attachment":[{"href":"https:\/\/ngoberuhldingen.de\/index.php?rest_route=%2Fwp%2Fv2%2Fmedia&parent=44"}],"curies":[{"name":"wp","href":"https:\/\/api.w.org\/{rel}","templated":true}]}}