{"id":2,"date":"2016-05-10T03:48:21","date_gmt":"2016-05-10T03:48:21","guid":{"rendered":"http:\/\/wp452m.a10-52-158-154.qa.plesk.ru\/wordpress\/?page_id=2"},"modified":"2025-09-29T18:03:42","modified_gmt":"2025-09-29T18:03:42","slug":"sample-page","status":"publish","type":"page","link":"https:\/\/ngoberuhldingen.de\/","title":{"rendered":"Willkommen auf der Homepage der Narrengesellschaft Oberuhldingen e.V."},"content":{"rendered":"\n<p><\/p>\n\n\n<p style=\"text-align: center;\"><strong>W\u00e4hle einen der vier H\u00e4str\u00e4ger um mehr \u00fcber die Gruppe zu erfahren:<\/strong><\/p>\n<div style=\"text-align: center;\"><a href=\"https:\/\/ngoberuhldingen.de\/?page_id=38\"><img decoding=\"async\" style=\"border: 0px solid currentColor; width: 120px; height: 120px;\" src=\"https:\/\/ngoberuhldingen.de\/wp-content\/uploads\/2016\/07\/Rebmaennle2.png\" alt=\"Rebmaennle\"><\/a>&nbsp;&nbsp; <a href=\"https:\/\/ngoberuhldingen.de\/?page_id=40\"><img decoding=\"async\" style=\"border: 0px solid currentColor; width: 120px; height: 120px;\" src=\"https:\/\/ngoberuhldingen.de\/wp-content\/uploads\/2016\/07\/Laubengiggeler2.png\" alt=\"Laubengiggeler\"><\/a>&nbsp;&nbsp; <a href=\"https:\/\/ngoberuhldingen.de\/?page_id=42\"><img decoding=\"async\" style=\"border: 0px solid currentColor; width: 120px; height: 120px;\" src=\"https:\/\/ngoberuhldingen.de\/wp-content\/uploads\/2016\/07\/Streibehexe2.png\" alt=\"Streibehexe\"><\/a> &nbsp; <a href=\"https:\/\/ngoberuhldingen.de\/?page_id=44\"><img decoding=\"async\" style=\"border: 0px solid currentColor; width: 120px; height: 120px;\" src=\"https:\/\/ngoberuhldingen.de\/wp-content\/uploads\/2016\/07\/Zimmermaenner2.png\" alt=\"Zimmermannsgilde\"><\/a><\/div>\n<p>&nbsp;<\/p>\n\n\n<p><\/p>\n\n\n\n<p><\/p>\n","protected":false},"excerpt":{"rendered":"<p>W\u00e4hle einen der vier H\u00e4str\u00e4ger um mehr \u00fcber die Gruppe zu erfahren: &nbsp;&nbsp; &nbsp;&nbsp; &nbsp; &nbsp;<\/p>\n","protected":false},"author":2,"featured_media":0,"parent":0,"menu_order":0,"comment_status":"closed","ping_status":"closed","template":"","meta":{"ngg_post_thumbnail":0,"footnotes":""},"class_list":["post-2","page","type-page","status-publish","hentry"],"_links":{"self":[{"href":"https:\/\/ngoberuhldingen.de\/index.php?rest_route=\/wp\/v2\/pages\/2","targetHints":{"allow":["GET"]}}],"collection":[{"href":"https:\/\/ngoberuhldingen.de\/index.php?rest_route=\/wp\/v2\/pages"}],"about":[{"href":"https:\/\/ngoberuhldingen.de\/index.php?rest_route=\/wp\/v2\/types\/page"}],"author":[{"embeddable":true,"href":"https:\/\/ngoberuhldingen.de\/index.php?rest_route=\/wp\/v2\/users\/2"}],"replies":[{"embeddable":true,"href":"https:\/\/ngoberuhldingen.de\/index.php?rest_route=%2Fwp%2Fv2%2Fcomments&post=2"}],"version-history":[{"count":211,"href":"https:\/\/ngoberuhldingen.de\/index.php?rest_route=\/wp\/v2\/pages\/2\/revisions"}],"predecessor-version":[{"id":8181,"href":"https:\/\/ngoberuhldingen.de\/index.php?rest_route=\/wp\/v2\/pages\/2\/revisions\/8181"}],"wp:attachment":[{"href":"https:\/\/ngoberuhldingen.de\/index.php?rest_route=%2Fwp%2Fv2%2Fmedia&parent=2"}],"curies":[{"name":"wp","href":"https:\/\/api.w.org\/{rel}","templated":true}]}}