{"id":18,"date":"2016-07-09T09:56:43","date_gmt":"2016-07-09T09:56:43","guid":{"rendered":"http:\/\/ngoberuhldingen.de\/?page_id=18"},"modified":"2020-12-22T06:32:50","modified_gmt":"2020-12-22T06:32:50","slug":"kontakt","status":"publish","type":"page","link":"https:\/\/ngoberuhldingen.de\/?page_id=18","title":{"rendered":"Kontakt"},"content":{"rendered":"<blockquote><p>Wollen Sie mehr \u00fcber die Narrengesellschaft Oberuhldingen e.V. erfahren?<br \/>\nMelden Sie sich einfach bei den nachfolgend genannten Personen.<\/p><\/blockquote>\n<p><u><b>Pr\u00e4sident (1. Vorstand)<\/b><\/u><br \/>\nNarrengesellschaft Oberuhldingen e.V.<br \/>\nAndreas Gro\u00dfhardt<br \/>\nObere Auen 6<br \/>\n88690 Uhldingen-M\u00fchlhofen<br \/>\nTelefon: (0 75 56) 91 96 24<br \/>\nE-Mail: Praesident(at)ngoberuhldingen.de<\/p>\n<p><strong><span style=\"text-decoration: underline;\">Administrator dieses Web-Auftritts<\/span><\/strong><br \/>\nE-Mail: ngowebadmin(at)ngoberuhldingen.de<\/p>\n<p>&nbsp;<\/p>\n<p>Hinweis: Bitte in den o.g. Emailadressen jeweils (at) durch @ ersetzen!<\/p>\n","protected":false},"excerpt":{"rendered":"<p>Wollen Sie mehr \u00fcber die Narrengesellschaft Oberuhldingen e.V. erfahren? Melden Sie sich einfach bei den nachfolgend genannten Personen. Pr\u00e4sident (1. Vorstand) Narrengesellschaft Oberuhldingen e.V. Andreas Gro\u00dfhardt Obere Auen 6 88690 Uhldingen-M\u00fchlhofen Telefon: (0 75 56) 91 96 24 E-Mail: Praesident(at)ngoberuhldingen.de Administrator dieses Web-Auftritts E-Mail: ngowebadmin(at)ngoberuhldingen.de &nbsp; Hinweis: Bitte in den o.g. Emailadressen jeweils (at) durch [&hellip;]<\/p>\n","protected":false},"author":1,"featured_media":0,"parent":0,"menu_order":0,"comment_status":"closed","ping_status":"closed","template":"","meta":{"ngg_post_thumbnail":0,"footnotes":""},"class_list":["post-18","page","type-page","status-publish","hentry"],"_links":{"self":[{"href":"https:\/\/ngoberuhldingen.de\/index.php?rest_route=\/wp\/v2\/pages\/18","targetHints":{"allow":["GET"]}}],"collection":[{"href":"https:\/\/ngoberuhldingen.de\/index.php?rest_route=\/wp\/v2\/pages"}],"about":[{"href":"https:\/\/ngoberuhldingen.de\/index.php?rest_route=\/wp\/v2\/types\/page"}],"author":[{"embeddable":true,"href":"https:\/\/ngoberuhldingen.de\/index.php?rest_route=\/wp\/v2\/users\/1"}],"replies":[{"embeddable":true,"href":"https:\/\/ngoberuhldingen.de\/index.php?rest_route=%2Fwp%2Fv2%2Fcomments&post=18"}],"version-history":[{"count":22,"href":"https:\/\/ngoberuhldingen.de\/index.php?rest_route=\/wp\/v2\/pages\/18\/revisions"}],"predecessor-version":[{"id":7561,"href":"https:\/\/ngoberuhldingen.de\/index.php?rest_route=\/wp\/v2\/pages\/18\/revisions\/7561"}],"wp:attachment":[{"href":"https:\/\/ngoberuhldingen.de\/index.php?rest_route=%2Fwp%2Fv2%2Fmedia&parent=18"}],"curies":[{"name":"wp","href":"https:\/\/api.w.org\/{rel}","templated":true}]}}